{"id":27,"date":"2017-11-09T20:17:48","date_gmt":"2017-11-09T19:17:48","guid":{"rendered":"http:\/\/www-srv.fritz.box\/?page_id=27"},"modified":"2020-06-15T15:18:43","modified_gmt":"2020-06-15T13:18:43","slug":"wir-ueber-uns","status":"publish","type":"page","link":"http:\/\/modellbauverein.ddns.net\/?page_id=27","title":{"rendered":"Wir \u00fcber uns"},"content":{"rendered":"<p style=\"text-align: justify;\">Die Faszination des Modellbaus bewog 1978 einige Mitglieder einen Verein, den Modellbauclub Brunsb\u00fcttel e. V. (kurz MCB) zu gr\u00fcnden. Zun\u00e4chst wurden in dem neu gegr\u00fcndeten Verein nur Modellschiffe gebaut. Man traf sich regelm\u00e4\u00dfig an der Braake zum gemeinsamen fahren der selbst gebauten Schiffe. Bei diesen Treffen wurde schnell bei einigen Zuschauern das Interesse an diesem sch\u00f6nen Hobby geweckt, und so begann der Verein zu wachsen.<\/p>\n<p style=\"text-align: justify;\">Aber nicht nur zu Wasser wurden die sch\u00f6nen Modelle pr\u00e4sentiert, bald kam auch eine Modellflugzeuge hinzu und es wurde eine neue Sparte gegr\u00fcndet. Diese anfangs noch kleine Gruppe lie\u00df ihre Modell auf den Wiesen des Brunsb\u00fctteler Umlandes fliegen. Auch hier wurde die Gruppe langsam gr\u00f6\u00dfer, sodass ein festes Modellfluggel\u00e4nde her musste. Dieses wurde dann, nach langer Suche und vielen Gespr\u00e4chen, auf einem gepachteten St\u00fcck Weide am Meentbredenweg in Westerbelmhusen errichtet.<\/p>\n<p>So etablierte sich der Verein und besteht nunmehr seit \u00fcber 40 Jahre.<\/p>\n<p>Die Mitglieder des MCB treffen sich jeden Mittwoch ab 19:30 Uhr in den Vereinsr\u00e4umen &#8222;Gute Nachbarschaft&#8220; in der Strasse Wurtleutetweute 54 (der Eingang ist auf der R\u00fcckseite des Geb\u00e4udes) zum fachsimpeln.<\/p>\n<p style=\"text-align: justify;\">Der MCB beteiligt sich auch immer wieder an den verschiedensten Veranstaltungen die von der Stadt Brunsb\u00fcttel ausgerichtet werden oder von befreundeten Vereinen. So wurde der MCB auch weit \u00fcber die Grenzen der Stadt bekannt.<\/p>\n<p style=\"text-align: justify;\">Sollten wir Ihr Interesse an diesem sch\u00f6nen Hobby geweckt haben, so k\u00f6nnen Sie gerne mit uns Kontakt aufnehmen. Ansprechpartner finden sie auf den folgenden Seiten.<\/p>\n<p>Viel Spa\u00df&#8230;..<\/p>\n","protected":false},"excerpt":{"rendered":"<p>Die Faszination des Modellbaus bewog 1978 einige Mitglieder einen Verein, den Modellbauclub Brunsb\u00fcttel e. V. (kurz MCB) zu gr\u00fcnden. Zun\u00e4chst wurden in dem neu gegr\u00fcndeten Verein nur Modellschiffe gebaut. Man &hellip; <\/p>\n<p class=\"link-more\"><a href=\"http:\/\/modellbauverein.ddns.net\/?page_id=27\" class=\"more-link\"><span class=\"screen-reader-text\">\u201eWir \u00fcber uns\u201c<\/span> weiterlesen<\/a><\/p>\n","protected":false},"author":1,"featured_media":0,"parent":0,"menu_order":0,"comment_status":"closed","ping_status":"closed","template":"","meta":{"footnotes":""},"class_list":["post-27","page","type-page","status-publish","hentry"],"_links":{"self":[{"href":"http:\/\/modellbauverein.ddns.net\/index.php?rest_route=\/wp\/v2\/pages\/27"}],"collection":[{"href":"http:\/\/modellbauverein.ddns.net\/index.php?rest_route=\/wp\/v2\/pages"}],"about":[{"href":"http:\/\/modellbauverein.ddns.net\/index.php?rest_route=\/wp\/v2\/types\/page"}],"author":[{"embeddable":true,"href":"http:\/\/modellbauverein.ddns.net\/index.php?rest_route=\/wp\/v2\/users\/1"}],"replies":[{"embeddable":true,"href":"http:\/\/modellbauverein.ddns.net\/index.php?rest_route=%2Fwp%2Fv2%2Fcomments&post=27"}],"version-history":[{"count":11,"href":"http:\/\/modellbauverein.ddns.net\/index.php?rest_route=\/wp\/v2\/pages\/27\/revisions"}],"predecessor-version":[{"id":476,"href":"http:\/\/modellbauverein.ddns.net\/index.php?rest_route=\/wp\/v2\/pages\/27\/revisions\/476"}],"wp:attachment":[{"href":"http:\/\/modellbauverein.ddns.net\/index.php?rest_route=%2Fwp%2Fv2%2Fmedia&parent=27"}],"curies":[{"name":"wp","href":"https:\/\/api.w.org\/{rel}","templated":true}]}}